1166?
6
What is the units digit of 901441?
1
What is the thousands digit of 582970?
2
What is the tens digit of 138830?
3
What is the tens digit of 7129944?
4
What is the millions digit of 4459657?
4
What is the hundreds digit of 2184256?
2
What is the tens digit of 26459?
5
What is the units digit of 14545492?
2
What is the units digit of 3087770?
0
What is the hundred thousands digit of 7290937?
2
What is the ten thousands digit of 412013?
1
What is the hundreds digit of 2251584?
5
What is the units digit of 7145835?
5
What is the thousands digit of 738025?
8
What is the ten thousands digit of 3846833?
4
What is the tens digit of 41746?
4
What is the units digit of 308931?
1
What is the thousands digit of 892011?
2
What is the hundred thousands digit of 118304?
1
What is the thousands digit of 1773180?
3
What is the millions digit of 1474596?
1
What is the ten thousands digit of 440289?
4
What is the units digit of 587819?
9
What is the tens digit of 35584063?
6
What is the units digit of 10148770?
0
What is the thousands digit of 14830616?
0
What is the millions digit of 2108899?
2
What is the tens digit of 4996749?
4
What is the hundred thousands digit of 10214083?
2
What is the thousands digit of 5781928?
1
What is the thousands digit of 37099622?
9
What is the hundreds digit of 393211?
2
What is the units digit of 391439?
9
What is the hundred thousands digit of 5165863?
1
What is the units digit of 33790999?
9
What is the ten thousands digit of 4094238?
9
What is the ten thousands digit of 1405333?
0
What is the units digit of 264195?
5
What is the units digit of 6722360?
0
What is the thousands digit of 406215?
6
What is the tens digit of 272231?
3
What is the ten thousands digit of 2468306?
6
What is the ten thousands digit of 7142214?
4
What is the millions digit of 4866194?
4
What is the units digit of 9117188?
8
What is the units digit of 1049116?
6
What is the millions digit of 1654508?
1
What is the units digit of 2844490?
0
What is the tens digit of 1573824?
2
What is the thousands digit of 652961?
2
What is the tens digit of 13869452?
5
What is the ten thousands digit of 745618?
4
What is the thousands digit of 7175118?
5
What is the ten thousands digit of 715680?
1
What is the tens digit of 414582?
8
What is the hundred thousands digit of 581564?
5
What is the hundred thousands digit of 248164?
2
What is the hundreds digit of 192200?
2
What is the tens digit of 20664489?
8
What is the ten thousands digit of 3878914?
7
What is the thousands digit of 1701068?
1
What is the units digit of 6789927?
7
What is the tens digit of 1000385?
8
What is the ten thousands digit of 256058?
5
What is the tens digit of 95709?
0
What is the hundred thousands digit of 23887726?
8
What is the millions digit of 3293819?
3
What is the units digit of 332389?
9
What is the hundreds digit of 383583?
5
What is the units digit of 6610020?
0
What is the thousands digit of 214680?
4
What is the tens digit of 3147367?
6
What is the ten thousands digit of 2850579?
5
What is the tens digit of 234407?
0
What is the millions digit of 36059631?
6
What is the ten thousands digit of 368244?
6
What is the ten thousands digit of 869865?
6
What is the units digit of 9518316?
6
What is the hundreds digit of 25046559?
5
What is the ten thousands digit of 113682?
1
What is the hundred thousands digit of 930516?
9
What is the hundreds digit of 776077?
0
What is the tens digit of 548711?
1
What is the thousands digit of 583762?
3
What is the thousands digit of 12534654?
4
What is the hundred thousands digit of 38918734?
9
What is the thousands digit of 1371652?
1
What is the thousands digit of 249296?
9
What is the tens digit of 69940?
4
What is the thousands digit of 7519735?
9
What is the hundred thousands digit of 2202475?
2
What is the units digit of 146980?
0
What is the millions digit of 1801514?
1
What is the hundred thousands digit of 2200079?
2
What is the tens digit of 5742888?
8
What is the hundred thousands digit of 20721724?
7
What is the tens digit of 126401?
0
What is the ten thousands digit of 426125?
2
What is the ten millions digit of 19621545?
1
What is the hundreds digit of 570678?
6
What is the hundred thousands digit of 943078?
9
What is the units digit of 8182190?
0
What is the ten thousands digit of 131201?
3
What is the ten thousands digit of 847560?
4
What is the units digit of 9172165?
5
What is the hundreds digit of 790746?
7
What is the thousands digit of 63493?
3
What is the hundreds digit of 11508070?
0
What is the units digit of 17420572?
2
What is the units digit of 1445395?
5
What is the tens digit of 747412?
1
What is the ten thousands digit of 660986?
6
What is the hundreds digit of 6537942?
9
What is the hundreds digit of 61797?
7
What is the tens digit of 4292721?
2
What is the ten thousands digit of 3659032?
5
What is the tens digit of 35675?
7
What is the units digit of 3116327?
7
What is the hundreds digit of 109818?
8
What is the thousands digit of 39885271?
5
What is the hundred thousands digit of 158989?
1
What is the tens digit of 42127?
2
What is the hundreds digit of 388677?
6
What is the hundreds digit of 329274?
2
What is the ten thousands digit of 1727994?
2
What is the hundred thousands digit of 191398?
1
What is the ten thousands digit of 86618?
8
What is the tens digit of 456388?
8
What is the tens digit of 1823967?
6
What is the tens digit of 1268641?
4
What is the thousands digit of 3204062?
4
What is the hundred thousands digit of 2157488?
1
What is the hundred thousands digit of 3985769?
9
What is the thousands digit of 32914?
2
What is the hundreds digit of 144406?
4
What is the units digit of 1086564?
4
What is the hundred thousands digit of 129798?
1
What is the ten thousands digit of 720051?
2
What is the tens digit of 9598583?
8
What is the tens digit of 448445?
4
What is the units digit of 4297116?
6
What is the units digit of 4180185?
5
What is the units digit of 5434303?
3
What is the hundreds digit of 877366?
3
What is the hundred thousands digit of 667680?
6
What is the hundreds digit of 309797?
7
What is the hundreds digit of 2892721?
7
What is the hundreds digit of 1296885?
8
What is the ten thousands digit of 9834878?
3
What is the ten thousands digit of 5144398?
4
What is the units digit of 4379641?
1
What is the tens digit of 291583?
8
What is the hundreds digit of 857996?
9
What is the tens digit of 207007?
0
What is the ten thousands digit of 4416062?
1
What is the ten thousands digit of 989032?
8
What is the tens digit of 19771?
7
What is the thousands digit of 71219?
1
What is the hundreds digit of 5118489?
4
What is the tens digit of 652067?
6
What is the hundreds digit of 708433?
4
What is the units digit of 383510?
0
What is the hundreds digit of 114119?
1
What is the ten thousands digit of 226873?
2
What is the ten thousands digit of 467159?
6
What is the tens digit of 160173?
7
What is the ten thousands digit of 144370?
4
What is the units digit of 268714?
4
What is the millions digit of 11145919?
1
What is the millions digit of 2965192?
2
What is the thousands digit of 947988?
7
What is the millions digit of 24854041?
4
What is the ten millions digit of 17998561?
1
What is the tens digit of 63276?
7
What is the hundreds digit of 15828144?
1
What is the tens digit of 157940?
4
What is the ten thousands digit of 142681?
4
What is the thousands digit of 125301?
5
What is the tens digit of 2006670?
7
What is the hundreds digit of 9598344?
3
What is the units digit of 494844?
4
What is the tens digit of 2204099?
9
What is the units digit of 6051277?
7
What is the hundred thousands digit of 25107822?
1
What is the ten thousands digit of 2206776?
0
What is the hundreds digit of 8621280?
2
What is the ten thousands digit of 2645635?
4
What is the millions digit of 2246686?
2
What is the hundreds digit of 2336264?
2
What is the ten thousands digit of 3145652?
4
What is the units digit of 7767724?
4
What is the hundreds digit of 75937?
9
What is the thousands digit of 4226676?
6
What is the hundreds digit of 123372?
3
What is the hundreds digit of 188086?
0
What is the hundreds digit of 9564168?
1
What is the thousands digit of 660864?
0
What is the units digit of 797903?
3
What is the thousands